{"id":82,"date":"2025-09-15T19:45:55","date_gmt":"2025-09-15T19:45:55","guid":{"rendered":"https:\/\/rennsport-fotos.de\/?page_id=82"},"modified":"2026-03-16T13:00:13","modified_gmt":"2026-03-16T13:00:13","slug":"impressum","status":"publish","type":"page","link":"https:\/\/rennsport-fotos.de\/?page_id=82","title":{"rendered":"Impressum"},"content":{"rendered":"\n<p id=\"paragraph\"><strong>Betreiber:<\/strong><br>Detlef Neumann<br>Bildberichterstatter Rennsport-Fotos.de<br>Im Kefferbach 58<br>54584 J\u00fcnkerath<br>Deutschland<\/p>\n\n\n\n<p id=\"paragraph\">Telefon: 01577-158 4419<br>email: neumann@rennsport-fotos.de<\/p>\n\n\n\n<p id=\"paragraph\"><strong>F\u00fcr den Inhalt verantwortlich:<\/strong><br>Detlef Neumann<br>Im Kefferbach 58<br>54584 J\u00fcnkerath<br>Deutschland<\/p>\n\n\n\n<p><\/p>\n","protected":false},"excerpt":{"rendered":"<p>Betreiber:Detlef NeumannBildberichterstatter Rennsport-Fotos.deIm Kefferbach 5854584 J\u00fcnkerathDeutschland Telefon: 01577-158 4419email: neumann@rennsport-fotos.de F\u00fcr den Inhalt verantwortlich:Detlef NeumannIm Kefferbach 5854584 J\u00fcnkerathDeutschland<\/p>\n","protected":false},"author":1,"featured_media":0,"parent":0,"menu_order":0,"comment_status":"closed","ping_status":"closed","template":"","meta":{"footnotes":""},"class_list":["post-82","page","type-page","status-publish","hentry"],"_links":{"self":[{"href":"https:\/\/rennsport-fotos.de\/index.php?rest_route=\/wp\/v2\/pages\/82","targetHints":{"allow":["GET"]}}],"collection":[{"href":"https:\/\/rennsport-fotos.de\/index.php?rest_route=\/wp\/v2\/pages"}],"about":[{"href":"https:\/\/rennsport-fotos.de\/index.php?rest_route=\/wp\/v2\/types\/page"}],"author":[{"embeddable":true,"href":"https:\/\/rennsport-fotos.de\/index.php?rest_route=\/wp\/v2\/users\/1"}],"replies":[{"embeddable":true,"href":"https:\/\/rennsport-fotos.de\/index.php?rest_route=%2Fwp%2Fv2%2Fcomments&post=82"}],"version-history":[{"count":5,"href":"https:\/\/rennsport-fotos.de\/index.php?rest_route=\/wp\/v2\/pages\/82\/revisions"}],"predecessor-version":[{"id":860,"href":"https:\/\/rennsport-fotos.de\/index.php?rest_route=\/wp\/v2\/pages\/82\/revisions\/860"}],"wp:attachment":[{"href":"https:\/\/rennsport-fotos.de\/index.php?rest_route=%2Fwp%2Fv2%2Fmedia&parent=82"}],"curies":[{"name":"wp","href":"https:\/\/api.w.org\/{rel}","templated":true}]}}