{"id":822,"date":"2026-03-15T07:55:17","date_gmt":"2026-03-15T07:55:17","guid":{"rendered":"https:\/\/rennsport-fotos.de\/?page_id=822"},"modified":"2026-04-07T08:07:53","modified_gmt":"2026-04-07T08:07:53","slug":"gemeinsam-200-jahre","status":"publish","type":"page","link":"https:\/\/rennsport-fotos.de\/?page_id=822","title":{"rendered":"Gemeinsam 200 Jahre"},"content":{"rendered":"\n<h2 class=\"wp-block-heading\">Gemeinsam 200 Jahre &#8211; ein ganz besonderes Jubil\u00e4um<\/h2>\n\n\n\n<p>Wir schreiben das Jahr 1904 und befinden uns in Paris &#8211; genauer gesagt, in der Rue de Planchat 19, wo die kleine Firma Lurquin et Coudert Motorr\u00e4der produziert. Dort erblickt in diesem Jahr ein Motorrad mit Einzylinder und 210ccm das Licht der Welt, dem ein langes Leben und sp\u00e4te Abenteuer bevorstehen sollen.<br><br>Der Niederl\u00e4nder Paul Valkenet erwirbt das Motorrad 105 Jahre sp\u00e4ter als Restaurationobjekt und bringt den Oldtimer wieder auf die Stra\u00dfe. Mit der Restauration reift in ihm der Gedanke, mit dem Motorrad an den Ort der Herstellung zu fahren &#8211; auf eigener Achse. Nach vier Jahren aufw\u00e4ndiger Restauration, begleitet mit vielen Internet Recherchen, mach sich Paul auf den Weg nach Paris. Durch einen technischen Defekt scheitert das Projekt, jedoch gibt Paul nicht auf. Im Jahr darauf startet er erneut und f\u00e4hrt mit dem mittlerweile 110 Jahre alten Motorrad die 1300 Kilometer lange Strecke hin und zur\u00fcck. <br><br>Nach dieser bewegenden Tour ging Paul Valkenet 2017 mit seiner extrem seltenen Lurquin et Coudert beim Vollgas-Rennspass in Darmstadt an den Start. Damals waren Fahrer und Maschine zusammen 184 Jahre alt und die Attraktion der Veranstaltung. <br><br>In diesem Jahr gibt es ein ganz besonderes Jubil\u00e4um, denn Paul Valkenet wird 78 und seine Lurquin et Coudert 122 &#8211; das sind 200 Jahre. <br><br><strong>Gratulation zu diesem eindrucksvollen Jubil\u00e4um.<br><br><\/strong>Zu seiner eindrucksvollen Reise gibt es \u00fcbrigens einen Bericht: <a href=\"https:\/\/www.motoplus.nl\/artikel\/met-een-100-jaar-oude-motor-naar-parijs\/\" data-type=\"link\" data-id=\"https:\/\/www.motoplus.nl\/artikel\/met-een-100-jaar-oude-motor-naar-parijs\/\" target=\"_blank\" rel=\"noreferrer noopener nofollow\">MotoPlus NL<\/a><br><\/p>\n\n\n\n<figure class=\"wp-block-image size-full\"><img loading=\"lazy\" decoding=\"async\" width=\"998\" height=\"665\" src=\"https:\/\/rennsport-fotos.de\/wp-content\/uploads\/2026\/03\/IMG_1432-Bearbeitet-2.jpg\" alt=\"\" class=\"wp-image-835\" srcset=\"https:\/\/rennsport-fotos.de\/wp-content\/uploads\/2026\/03\/IMG_1432-Bearbeitet-2.jpg 998w, https:\/\/rennsport-fotos.de\/wp-content\/uploads\/2026\/03\/IMG_1432-Bearbeitet-2-300x200.jpg 300w, https:\/\/rennsport-fotos.de\/wp-content\/uploads\/2026\/03\/IMG_1432-Bearbeitet-2-768x512.jpg 768w\" sizes=\"auto, (max-width: 767px) 89vw, (max-width: 1000px) 54vw, (max-width: 1071px) 543px, 580px\" \/><figcaption class=\"wp-element-caption\">Paul Valkenet mit seiner Lurquin et Coudert aus 1904 beim Vollgas Rennspass 2017<\/figcaption><\/figure>\n\n\n\n<p><br><br><br><br><\/p>\n\n\n\n<p><\/p>\n","protected":false},"excerpt":{"rendered":"<p>Gemeinsam 200 Jahre &#8211; ein ganz besonderes Jubil\u00e4um Wir schreiben das Jahr 1904 und befinden uns in Paris &#8211; genauer gesagt, in der Rue de Planchat 19, wo die kleine Firma Lurquin et Coudert Motorr\u00e4der produziert. Dort erblickt in diesem Jahr ein Motorrad mit Einzylinder und 210ccm das Licht der Welt, dem ein langes Leben &hellip; <\/p>\n<p class=\"link-more\"><a href=\"https:\/\/rennsport-fotos.de\/?page_id=822\" class=\"more-link\"><span class=\"screen-reader-text\">\u201eGemeinsam 200 Jahre\u201c <\/span>weiterlesen<\/a><\/p>\n","protected":false},"author":1,"featured_media":0,"parent":0,"menu_order":0,"comment_status":"closed","ping_status":"closed","template":"","meta":{"footnotes":""},"class_list":["post-822","page","type-page","status-publish","hentry"],"_links":{"self":[{"href":"https:\/\/rennsport-fotos.de\/index.php?rest_route=\/wp\/v2\/pages\/822","targetHints":{"allow":["GET"]}}],"collection":[{"href":"https:\/\/rennsport-fotos.de\/index.php?rest_route=\/wp\/v2\/pages"}],"about":[{"href":"https:\/\/rennsport-fotos.de\/index.php?rest_route=\/wp\/v2\/types\/page"}],"author":[{"embeddable":true,"href":"https:\/\/rennsport-fotos.de\/index.php?rest_route=\/wp\/v2\/users\/1"}],"replies":[{"embeddable":true,"href":"https:\/\/rennsport-fotos.de\/index.php?rest_route=%2Fwp%2Fv2%2Fcomments&post=822"}],"version-history":[{"count":10,"href":"https:\/\/rennsport-fotos.de\/index.php?rest_route=\/wp\/v2\/pages\/822\/revisions"}],"predecessor-version":[{"id":1077,"href":"https:\/\/rennsport-fotos.de\/index.php?rest_route=\/wp\/v2\/pages\/822\/revisions\/1077"}],"wp:attachment":[{"href":"https:\/\/rennsport-fotos.de\/index.php?rest_route=%2Fwp%2Fv2%2Fmedia&parent=822"}],"curies":[{"name":"wp","href":"https:\/\/api.w.org\/{rel}","templated":true}]}}

<h2 class="wp-block-heading">Gemeinsam 200 Jahre &#8211; ein ganz besonderes Jubiläum</h2>



<p>Wir schreiben das Jahr 1904 und befinden uns in Paris &#8211; genauer gesagt, in der Rue de Planchat 19, wo die kleine Firma Lurquin et Coudert Motorräder produziert. Dort erblickt in diesem Jahr ein Motorrad mit Einzylinder und 210ccm das Licht der Welt, dem ein langes Leben und späte Abenteuer bevorstehen sollen.<br><br>Der Niederländer Paul Valkenet erwirbt das Motorrad 105 Jahre später als Restaurationobjekt und bringt den Oldtimer wieder auf die Straße. Mit der Restauration reift in ihm der Gedanke, mit dem Motorrad an den Ort der Herstellung zu fahren &#8211; auf eigener Achse. Nach vier Jahren aufwändiger Restauration, begleitet mit vielen Internet Recherchen, mach sich Paul auf den Weg nach Paris. Durch einen technischen Defekt scheitert das Projekt, jedoch gibt Paul nicht auf. Im Jahr darauf startet er erneut und fährt mit dem mittlerweile 110 Jahre alten Motorrad die 1300 Kilometer lange Strecke hin und zurück. <br><br>Nach dieser bewegenden Tour ging Paul Valkenet 2017 mit seiner extrem seltenen Lurquin et Coudert beim Vollgas-Rennspass in Darmstadt an den Start. Damals waren Fahrer und Maschine zusammen 184 Jahre alt und die Attraktion der Veranstaltung. <br><br>In diesem Jahr gibt es ein ganz besonderes Jubiläum, denn Paul Valkenet wird 78 und seine Lurquin et Coudert 122 &#8211; das sind 200 Jahre. <br><br><strong>Gratulation zu diesem eindrucksvollen Jubiläum.<br><br></strong>Zu seiner eindrucksvollen Reise gibt es übrigens einen Bericht: <a href="https://www.motoplus.nl/artikel/met-een-100-jaar-oude-motor-naar-parijs/" data-type="link" data-id="https://www.motoplus.nl/artikel/met-een-100-jaar-oude-motor-naar-parijs/" target="_blank" rel="noreferrer noopener nofollow">MotoPlus NL</a><br></p>



<figure class="wp-block-image size-full"><img loading="lazy" decoding="async" width="998" height="665" src="https://rennsport-fotos.de/wp-content/uploads/2026/03/IMG_1432-Bearbeitet-2.jpg" alt="" class="wp-image-835" srcset="https://rennsport-fotos.de/wp-content/uploads/2026/03/IMG_1432-Bearbeitet-2.jpg 998w, https://rennsport-fotos.de/wp-content/uploads/2026/03/IMG_1432-Bearbeitet-2-300x200.jpg 300w, https://rennsport-fotos.de/wp-content/uploads/2026/03/IMG_1432-Bearbeitet-2-768x512.jpg 768w" sizes="auto, (max-width: 767px) 89vw, (max-width: 1000px) 54vw, (max-width: 1071px) 543px, 580px" /><figcaption class="wp-element-caption">Paul Valkenet mit seiner Lurquin et Coudert aus 1904 beim Vollgas Rennspass 2017</figcaption></figure>



<p><br><br><br><br></p>



<p></p>

<p>Gemeinsam 200 Jahre &#8211; ein ganz besonderes Jubiläum Wir schreiben das Jahr 1904 und befinden uns in Paris &#8211; genauer gesagt, in der Rue de Planchat 19, wo die kleine Firma Lurquin et Coudert Motorräder produziert. Dort erblickt in diesem Jahr ein Motorrad mit Einzylinder und 210ccm das Licht der Welt, dem ein langes Leben &hellip; </p>
<p class="link-more"><a href="https://rennsport-fotos.de/?page_id=822" class="more-link"><span class="screen-reader-text">„Gemeinsam 200 Jahre“ </span>weiterlesen</a></p>
