{"id":969,"date":"2026-04-04T04:29:37","date_gmt":"2026-04-04T04:29:37","guid":{"rendered":"https:\/\/rennsport-fotos.de\/?page_id=969"},"modified":"2026-04-04T08:40:31","modified_gmt":"2026-04-04T08:40:31","slug":"blog-posterholt-2026-opening-race","status":"publish","type":"page","link":"https:\/\/rennsport-fotos.de\/?page_id=969","title":{"rendered":"Posterholt 2026 Opening Race"},"content":{"rendered":"\n<p><br>Ende M\u00e4rz war die Winterpause endlich vorbei und die neue Rennsaison in Posterholt konnte starten. F\u00fcr den ersten Renntag des Jahres standen gleich 8 Klassen auf dem Programm, die in 3 Bl\u00f6cken \u00fcber den Tag gestartet wurden. Nach einigen kalten Regentagen im Vorfeld der Veranstaltung startete der Renntag mit sch\u00f6nstem Wetter bei Sonnenschein und blauem Himmel. <br><br>Als erste Klasse gingen die Ministox auf das kurze Oval und sorgten gleich f\u00fcr Stimmung.<br>Der Mann des Tages war Djeven van Eck, dem es gelang, alle 3 L\u00e4ufe des Tages zu gewinnen und der damit auch ein verdienter Tagessieger mit voller Punktzahl wurde. Eine starke Leistung auch von Elias Scharvat und Givano Sch\u00e4fer, die Platz 2 und 3 in den ersten beiden L\u00e4ufen und in der Tageswertung erreichten.<br><br>Im Anschluss ging das mit 23 Teilnehmern stark besetzte Feld der Stockrods auf die Piste.<br>Der erste Lauf ging an Herman Smits, im zweiten Lauf hatte dann Capron Thibault die Nase vorn und der dritte Lauf ging an Edwin Meuwissen. Den Tagessieg holte sich jedoch Jori Tielemans. Sein dritter Platz im ersten Lauf, zusammen mit dem siebten Platz im zweiten Lauf und dem zweiten Platz im Finale brachten ihm mit 66 Z\u00e4hlern den Sieg in der Tageswertung beim Er\u00f6ffnungsrennen. Zweiter wurde Christian Peters mit 64 Punkten. Nur weitere 3 Punkte dahinter in der Tageswertung bedeuteten f\u00fcr Frans Clement den verdienten dritten Rang.<br><br>Die Klasse der Priv\u00e9 Cars war zum Saisonstart auch dabei. Es gingen 29 Fahrzeuge ins Rennen, darunter auch einige Teilnehmer, die erstmalig dabei waren. Mit 2 zweiten Pl\u00e4tzen in den ersten L\u00e4ufen und Platz drei im Finale holte sich Rolf van Tilburg knapp den Tagessieg vor Jos\u00e9 Bertrand, der den ersten Lauf gewinnen konnte,  in der Endabrechnung der Tageswertung aber einen Z\u00e4hler weniger auf dem Punktekonto hatte. Dritter wurde Yves Verlinden. Trotzdem war Jessy de Bruin mit 2 gewerteten Siegen der Mann des Tages in dieser Rennklasse.<br><br>Ein echtes Highlight und der Publikumsmagnet vieler Zuschauer auf dem PAC Autospeedway in Posterholt sind nat\u00fcrlich die Bangerstox. In dieser Vollkontaktklasse ist quasi alles erlaubt, um sich der Kontrahenten auf der Strecke zu entledigen. Die Taktik der Experten ist es, m\u00f6glichst frei von Remplern \u00fcber die Strecke zu kommen und sich aus dem Gewimmel raus zu halten. Das klingt einfach, aber der Rennfahrer muss auf der Strecke \u00fcberall die Augen offen haben &#8211; besonders auch im R\u00fcckspiegel. Eingangs der Kurve bietet sich die beste Gelegenheit, die Gegner von hinten aus der Kurve raus zu schubsen. Die Akteure des Tages waren eindeutig Kevin Oonk und Koen van der Stappen. W\u00e4hrend Kevin Oonk in der Gruppe 1 mit einem dritten Platz im ersten Lauf und zwei Siegen in den beiden anderen L\u00e4ufen ins Finale ging, konnte Koen van der Stappen alle 3 Vorl\u00e4ufe in der Gruppe 2 f\u00fcr sich entscheiden. Im Finale trafen die Beiden dann aufeinander.  Am Ende hatte Kevin Oonk dann knapp die Nase vorn und konnte das Finale vor Koen van der Stappen gewinnen. Dritter wurde Tom Korneli. Die vier Rennen der Bangerstox waren gepr\u00e4gt von Zweik\u00e4mpfen, Crashs und Spannung. Kein Wunder, dass diese Rennklasse bei den Zuschauern so beliebt ist.<br><br>Es gab auch einen Bangerstox-Lady Wettbewerb, der \u00fcber 2 L\u00e4ufe ausgetragen wurde. Das mit 7 Teilnehmerinnen besetzte kleine Feld bot aber wie das gro\u00dfe Feld der Hauptklasse eine tolle Vorstellung, wo mit allen Tricks gegen die Konkurrenz gefahren wurde. Nach beiden L\u00e4ufen war Tabea Bender mit 2 Siegen die eindeutige Siegerin vor Finlay Carmoy und Alina Becker auf den folgenden Podiumspl\u00e4tzen.<br><br>Eine weitere Kontaktklasse stand mit den PAC Saloon Cars auf dem Programm. Der schwarze martialische Renner mit Rick Kreutzer am Steuer lie\u00df &#8222;nix anbrennen&#8220;. Er gewann alle 3 L\u00e4ufe und erreichte den Tagessieg mit voller Punktzahl. Auf den Pl\u00e4tzen 2 und 3 im Tages-Klassement komplettierten Robbe Geernaerts und Tom Verwaest das Siegertreppchen. Die drei L\u00e4ufe waren gepr\u00e4gt von eindrucksvollen Zweik\u00e4mpfen mit Kurvendrifts und dem einen oder anderen Schubser, der in dieser Klasse erlaubt ist.<br><br>Die Klasse der Sprint 1300 rundete mit 3 spannenden L\u00e4ufen das Tagesprogramm ab.<br>Alle Sieger der 3 L\u00e4ufe &#8211; Salvatore Nicoletti, Gaert Schoonbrood und Tonny van Draanen &#8211; schafften es nicht ganz nach oben auf das Podest in der Tageswertung. Hier war Remco van Eijden mit zwei zweiten Pl\u00e4tzen und einem dritten Platz erfolgreich und lag am Tagesende 2 Z\u00e4hler vor Tonny van Draanen, der punktgleich mit Stefan Wodzinski war, aber durch den Sieg im letzten Lauf damit den zweiten Platz in der Tageswertung erreichen konnte.<br><br>Das Fazit nach dem ersten Renntag: Eine wieder absolut gelungene Veranstaltung, bei der die Zuschauer und Teilnehmer voll auf ihre Kosten kamen. Das gute Wetter des Tages bot besonders f\u00fcr die Zuschauer eine sch\u00f6ne Kulisse und Basis. F\u00fcr die Rennsport-Fans ist Posterholt immer etwas Besonderes. Dort ist man ganz dicht an der Strecke und damit hautnah am Geschehen. Nach der erfolgreichen Saisoner\u00f6ffnung darf man sich schon auf den zweiten Renntag am 12. April freuen.<br><br>S\u00e4mtliche Ergebnisse des Renntages gibt es hier: <strong><a href=\"https:\/\/speedhive.mylaps.com\/events\/3443992\" target=\"_blank\" rel=\"noreferrer noopener\">Speedhive.mylaps NL<\/a><\/strong><\/p>\n\n\n\n<p>Nachfolgend noch einige Bilder von den Tagessiegern auf der Strecke:<\/p>\n\n\n\n<figure class=\"wp-block-image size-full\"><img loading=\"lazy\" decoding=\"async\" width=\"1000\" height=\"562\" src=\"https:\/\/rennsport-fotos.de\/wp-content\/uploads\/2026\/04\/CR7_1528-20260329-klein.jpeg\" alt=\"\" class=\"wp-image-972\" srcset=\"https:\/\/rennsport-fotos.de\/wp-content\/uploads\/2026\/04\/CR7_1528-20260329-klein.jpeg 1000w, https:\/\/rennsport-fotos.de\/wp-content\/uploads\/2026\/04\/CR7_1528-20260329-klein-300x169.jpeg 300w, https:\/\/rennsport-fotos.de\/wp-content\/uploads\/2026\/04\/CR7_1528-20260329-klein-768x432.jpeg 768w\" sizes=\"auto, (max-width: 767px) 89vw, (max-width: 1000px) 54vw, (max-width: 1071px) 543px, 580px\" \/><\/figure>\n\n\n\n<p>Zweikampf zwischen Djeven van Eck und Elias Scharwat<\/p>\n\n\n\n<figure class=\"wp-block-image size-full\"><img loading=\"lazy\" decoding=\"async\" width=\"1000\" height=\"562\" src=\"https:\/\/rennsport-fotos.de\/wp-content\/uploads\/2026\/04\/IMG_5499-20260329-klein-1.jpeg\" alt=\"\" class=\"wp-image-975\" srcset=\"https:\/\/rennsport-fotos.de\/wp-content\/uploads\/2026\/04\/IMG_5499-20260329-klein-1.jpeg 1000w, https:\/\/rennsport-fotos.de\/wp-content\/uploads\/2026\/04\/IMG_5499-20260329-klein-1-300x169.jpeg 300w, https:\/\/rennsport-fotos.de\/wp-content\/uploads\/2026\/04\/IMG_5499-20260329-klein-1-768x432.jpeg 768w\" sizes=\"auto, (max-width: 767px) 89vw, (max-width: 1000px) 54vw, (max-width: 1071px) 543px, 580px\" \/><\/figure>\n\n\n\n<p>Jori Tielemans beim Kurvenfight mit Edwin Meuwissen<\/p>\n\n\n\n<figure class=\"wp-block-image size-full\"><img loading=\"lazy\" decoding=\"async\" width=\"1000\" height=\"666\" src=\"https:\/\/rennsport-fotos.de\/wp-content\/uploads\/2026\/04\/CR7_3234-20260329.jpeg\" alt=\"\" class=\"wp-image-976\" srcset=\"https:\/\/rennsport-fotos.de\/wp-content\/uploads\/2026\/04\/CR7_3234-20260329.jpeg 1000w, https:\/\/rennsport-fotos.de\/wp-content\/uploads\/2026\/04\/CR7_3234-20260329-300x200.jpeg 300w, https:\/\/rennsport-fotos.de\/wp-content\/uploads\/2026\/04\/CR7_3234-20260329-768x511.jpeg 768w\" sizes=\"auto, (max-width: 767px) 89vw, (max-width: 1000px) 54vw, (max-width: 1071px) 543px, 580px\" \/><\/figure>\n\n\n\n<p>Die Meute in der Kurve und aussen Rolf van Tilburg vor Jessy de Bruin<\/p>\n\n\n\n<figure class=\"wp-block-image size-full\"><img loading=\"lazy\" decoding=\"async\" width=\"1000\" height=\"666\" src=\"https:\/\/rennsport-fotos.de\/wp-content\/uploads\/2026\/04\/CR7_3638-20260329-2.jpeg\" alt=\"\" class=\"wp-image-979\" srcset=\"https:\/\/rennsport-fotos.de\/wp-content\/uploads\/2026\/04\/CR7_3638-20260329-2.jpeg 1000w, https:\/\/rennsport-fotos.de\/wp-content\/uploads\/2026\/04\/CR7_3638-20260329-2-300x200.jpeg 300w, https:\/\/rennsport-fotos.de\/wp-content\/uploads\/2026\/04\/CR7_3638-20260329-2-768x511.jpeg 768w\" sizes=\"auto, (max-width: 767px) 89vw, (max-width: 1000px) 54vw, (max-width: 1071px) 543px, 580px\" \/><\/figure>\n\n\n\n<p>Remco van Eijden auf dem Weg zum Tagessieg<\/p>\n\n\n\n<figure class=\"wp-block-image size-full\"><img loading=\"lazy\" decoding=\"async\" width=\"1000\" height=\"562\" src=\"https:\/\/rennsport-fotos.de\/wp-content\/uploads\/2026\/04\/CR7_0988-20260329.jpeg\" alt=\"\" class=\"wp-image-980\" srcset=\"https:\/\/rennsport-fotos.de\/wp-content\/uploads\/2026\/04\/CR7_0988-20260329.jpeg 1000w, https:\/\/rennsport-fotos.de\/wp-content\/uploads\/2026\/04\/CR7_0988-20260329-300x169.jpeg 300w, https:\/\/rennsport-fotos.de\/wp-content\/uploads\/2026\/04\/CR7_0988-20260329-768x432.jpeg 768w\" sizes=\"auto, (max-width: 767px) 89vw, (max-width: 1000px) 54vw, (max-width: 1071px) 543px, 580px\" \/><\/figure>\n\n\n\n<p>Der Dominator Rick Kreutzer auf seiner Ehrenrunde mit dem Blumenstrauss<\/p>\n\n\n\n<figure class=\"wp-block-image size-full\"><img loading=\"lazy\" decoding=\"async\" width=\"1000\" height=\"562\" src=\"https:\/\/rennsport-fotos.de\/wp-content\/uploads\/2026\/04\/CR7_4204-20260329-1.jpeg\" alt=\"\" class=\"wp-image-982\" srcset=\"https:\/\/rennsport-fotos.de\/wp-content\/uploads\/2026\/04\/CR7_4204-20260329-1.jpeg 1000w, https:\/\/rennsport-fotos.de\/wp-content\/uploads\/2026\/04\/CR7_4204-20260329-1-300x169.jpeg 300w, https:\/\/rennsport-fotos.de\/wp-content\/uploads\/2026\/04\/CR7_4204-20260329-1-768x432.jpeg 768w\" sizes=\"auto, (max-width: 767px) 89vw, (max-width: 1000px) 54vw, (max-width: 1071px) 543px, 580px\" \/><\/figure>\n\n\n\n<p>Tabea Bender mit Speed in der Zielkurve<\/p>\n\n\n\n<figure class=\"wp-block-image size-full\"><img loading=\"lazy\" decoding=\"async\" width=\"1000\" height=\"666\" src=\"https:\/\/rennsport-fotos.de\/wp-content\/uploads\/2026\/04\/CR7_8784-20260329-1.jpeg\" alt=\"\" class=\"wp-image-984\" srcset=\"https:\/\/rennsport-fotos.de\/wp-content\/uploads\/2026\/04\/CR7_8784-20260329-1.jpeg 1000w, https:\/\/rennsport-fotos.de\/wp-content\/uploads\/2026\/04\/CR7_8784-20260329-1-300x200.jpeg 300w, https:\/\/rennsport-fotos.de\/wp-content\/uploads\/2026\/04\/CR7_8784-20260329-1-768x511.jpeg 768w\" sizes=\"auto, (max-width: 767px) 89vw, (max-width: 1000px) 54vw, (max-width: 1071px) 543px, 580px\" \/><\/figure>\n\n\n\n<p>Kevin Oonk mit einem heiklen Ausweichman\u00f6ver beim Massencrash<\/p>\n\n\n\n<p>Lust auf weitere Fotos von der Veranstaltung?<br><br><strong><a href=\"https:\/\/rennsport-fotos.de\/?page_id=404\" data-type=\"page\" data-id=\"404\" target=\"_blank\" rel=\"noreferrer noopener\">Fotos vom Renntag <\/a><\/strong>  &lt;&#8212;&#8212; Hier geht es zu den Fotos auf meiner Webseite<br><strong><a href=\"https:\/\/www.flickr.com\/photos\/degone2012\/albums\" target=\"_blank\" rel=\"noreferrer noopener\">Alben in Flickr <\/a><\/strong>           &lt;&#8212;&#8212;&#8212;&#8212;&#8211; F\u00fcr den etwas komfortableren Aufruf \u00fcber meine Alben in Flickr<\/p>\n\n\n\n<p><\/p>\n","protected":false},"excerpt":{"rendered":"<p>Ende M\u00e4rz war die Winterpause endlich vorbei und die neue Rennsaison in Posterholt konnte starten. F\u00fcr den ersten Renntag des Jahres standen gleich 8 Klassen auf dem Programm, die in 3 Bl\u00f6cken \u00fcber den Tag gestartet wurden. Nach einigen kalten Regentagen im Vorfeld der Veranstaltung startete der Renntag mit sch\u00f6nstem Wetter bei Sonnenschein und blauem &hellip; <\/p>\n<p class=\"link-more\"><a href=\"https:\/\/rennsport-fotos.de\/?page_id=969\" class=\"more-link\"><span class=\"screen-reader-text\">\u201ePosterholt 2026 Opening Race\u201c <\/span>weiterlesen<\/a><\/p>\n","protected":false},"author":1,"featured_media":0,"parent":0,"menu_order":0,"comment_status":"closed","ping_status":"closed","template":"","meta":{"footnotes":""},"class_list":["post-969","page","type-page","status-publish","hentry"],"_links":{"self":[{"href":"https:\/\/rennsport-fotos.de\/index.php?rest_route=\/wp\/v2\/pages\/969","targetHints":{"allow":["GET"]}}],"collection":[{"href":"https:\/\/rennsport-fotos.de\/index.php?rest_route=\/wp\/v2\/pages"}],"about":[{"href":"https:\/\/rennsport-fotos.de\/index.php?rest_route=\/wp\/v2\/types\/page"}],"author":[{"embeddable":true,"href":"https:\/\/rennsport-fotos.de\/index.php?rest_route=\/wp\/v2\/users\/1"}],"replies":[{"embeddable":true,"href":"https:\/\/rennsport-fotos.de\/index.php?rest_route=%2Fwp%2Fv2%2Fcomments&post=969"}],"version-history":[{"count":30,"href":"https:\/\/rennsport-fotos.de\/index.php?rest_route=\/wp\/v2\/pages\/969\/revisions"}],"predecessor-version":[{"id":1016,"href":"https:\/\/rennsport-fotos.de\/index.php?rest_route=\/wp\/v2\/pages\/969\/revisions\/1016"}],"wp:attachment":[{"href":"https:\/\/rennsport-fotos.de\/index.php?rest_route=%2Fwp%2Fv2%2Fmedia&parent=969"}],"curies":[{"name":"wp","href":"https:\/\/api.w.org\/{rel}","templated":true}]}}

<p><br>Ende März war die Winterpause endlich vorbei und die neue Rennsaison in Posterholt konnte starten. Für den ersten Renntag des Jahres standen gleich 8 Klassen auf dem Programm, die in 3 Blöcken über den Tag gestartet wurden. Nach einigen kalten Regentagen im Vorfeld der Veranstaltung startete der Renntag mit schönstem Wetter bei Sonnenschein und blauem Himmel. <br><br>Als erste Klasse gingen die Ministox auf das kurze Oval und sorgten gleich für Stimmung.<br>Der Mann des Tages war Djeven van Eck, dem es gelang, alle 3 Läufe des Tages zu gewinnen und der damit auch ein verdienter Tagessieger mit voller Punktzahl wurde. Eine starke Leistung auch von Elias Scharvat und Givano Schäfer, die Platz 2 und 3 in den ersten beiden Läufen und in der Tageswertung erreichten.<br><br>Im Anschluss ging das mit 23 Teilnehmern stark besetzte Feld der Stockrods auf die Piste.<br>Der erste Lauf ging an Herman Smits, im zweiten Lauf hatte dann Capron Thibault die Nase vorn und der dritte Lauf ging an Edwin Meuwissen. Den Tagessieg holte sich jedoch Jori Tielemans. Sein dritter Platz im ersten Lauf, zusammen mit dem siebten Platz im zweiten Lauf und dem zweiten Platz im Finale brachten ihm mit 66 Zählern den Sieg in der Tageswertung beim Eröffnungsrennen. Zweiter wurde Christian Peters mit 64 Punkten. Nur weitere 3 Punkte dahinter in der Tageswertung bedeuteten für Frans Clement den verdienten dritten Rang.<br><br>Die Klasse der Privé Cars war zum Saisonstart auch dabei. Es gingen 29 Fahrzeuge ins Rennen, darunter auch einige Teilnehmer, die erstmalig dabei waren. Mit 2 zweiten Plätzen in den ersten Läufen und Platz drei im Finale holte sich Rolf van Tilburg knapp den Tagessieg vor José Bertrand, der den ersten Lauf gewinnen konnte,  in der Endabrechnung der Tageswertung aber einen Zähler weniger auf dem Punktekonto hatte. Dritter wurde Yves Verlinden. Trotzdem war Jessy de Bruin mit 2 gewerteten Siegen der Mann des Tages in dieser Rennklasse.<br><br>Ein echtes Highlight und der Publikumsmagnet vieler Zuschauer auf dem PAC Autospeedway in Posterholt sind natürlich die Bangerstox. In dieser Vollkontaktklasse ist quasi alles erlaubt, um sich der Kontrahenten auf der Strecke zu entledigen. Die Taktik der Experten ist es, möglichst frei von Remplern über die Strecke zu kommen und sich aus dem Gewimmel raus zu halten. Das klingt einfach, aber der Rennfahrer muss auf der Strecke überall die Augen offen haben &#8211; besonders auch im Rückspiegel. Eingangs der Kurve bietet sich die beste Gelegenheit, die Gegner von hinten aus der Kurve raus zu schubsen. Die Akteure des Tages waren eindeutig Kevin Oonk und Koen van der Stappen. Während Kevin Oonk in der Gruppe 1 mit einem dritten Platz im ersten Lauf und zwei Siegen in den beiden anderen Läufen ins Finale ging, konnte Koen van der Stappen alle 3 Vorläufe in der Gruppe 2 für sich entscheiden. Im Finale trafen die Beiden dann aufeinander.  Am Ende hatte Kevin Oonk dann knapp die Nase vorn und konnte das Finale vor Koen van der Stappen gewinnen. Dritter wurde Tom Korneli. Die vier Rennen der Bangerstox waren geprägt von Zweikämpfen, Crashs und Spannung. Kein Wunder, dass diese Rennklasse bei den Zuschauern so beliebt ist.<br><br>Es gab auch einen Bangerstox-Lady Wettbewerb, der über 2 Läufe ausgetragen wurde. Das mit 7 Teilnehmerinnen besetzte kleine Feld bot aber wie das große Feld der Hauptklasse eine tolle Vorstellung, wo mit allen Tricks gegen die Konkurrenz gefahren wurde. Nach beiden Läufen war Tabea Bender mit 2 Siegen die eindeutige Siegerin vor Finlay Carmoy und Alina Becker auf den folgenden Podiumsplätzen.<br><br>Eine weitere Kontaktklasse stand mit den PAC Saloon Cars auf dem Programm. Der schwarze martialische Renner mit Rick Kreutzer am Steuer ließ &#8222;nix anbrennen&#8220;. Er gewann alle 3 Läufe und erreichte den Tagessieg mit voller Punktzahl. Auf den Plätzen 2 und 3 im Tages-Klassement komplettierten Robbe Geernaerts und Tom Verwaest das Siegertreppchen. Die drei Läufe waren geprägt von eindrucksvollen Zweikämpfen mit Kurvendrifts und dem einen oder anderen Schubser, der in dieser Klasse erlaubt ist.<br><br>Die Klasse der Sprint 1300 rundete mit 3 spannenden Läufen das Tagesprogramm ab.<br>Alle Sieger der 3 Läufe &#8211; Salvatore Nicoletti, Gaert Schoonbrood und Tonny van Draanen &#8211; schafften es nicht ganz nach oben auf das Podest in der Tageswertung. Hier war Remco van Eijden mit zwei zweiten Plätzen und einem dritten Platz erfolgreich und lag am Tagesende 2 Zähler vor Tonny van Draanen, der punktgleich mit Stefan Wodzinski war, aber durch den Sieg im letzten Lauf damit den zweiten Platz in der Tageswertung erreichen konnte.<br><br>Das Fazit nach dem ersten Renntag: Eine wieder absolut gelungene Veranstaltung, bei der die Zuschauer und Teilnehmer voll auf ihre Kosten kamen. Das gute Wetter des Tages bot besonders für die Zuschauer eine schöne Kulisse und Basis. Für die Rennsport-Fans ist Posterholt immer etwas Besonderes. Dort ist man ganz dicht an der Strecke und damit hautnah am Geschehen. Nach der erfolgreichen Saisoneröffnung darf man sich schon auf den zweiten Renntag am 12. April freuen.<br><br>Sämtliche Ergebnisse des Renntages gibt es hier: <strong><a href="https://speedhive.mylaps.com/events/3443992" target="_blank" rel="noreferrer noopener">Speedhive.mylaps NL</a></strong></p>



<p>Nachfolgend noch einige Bilder von den Tagessiegern auf der Strecke:</p>



<figure class="wp-block-image size-full"><img loading="lazy" decoding="async" width="1000" height="562" src="https://rennsport-fotos.de/wp-content/uploads/2026/04/CR7_1528-20260329-klein.jpeg" alt="" class="wp-image-972" srcset="https://rennsport-fotos.de/wp-content/uploads/2026/04/CR7_1528-20260329-klein.jpeg 1000w, https://rennsport-fotos.de/wp-content/uploads/2026/04/CR7_1528-20260329-klein-300x169.jpeg 300w, https://rennsport-fotos.de/wp-content/uploads/2026/04/CR7_1528-20260329-klein-768x432.jpeg 768w" sizes="auto, (max-width: 767px) 89vw, (max-width: 1000px) 54vw, (max-width: 1071px) 543px, 580px" /></figure>



<p>Zweikampf zwischen Djeven van Eck und Elias Scharwat</p>



<figure class="wp-block-image size-full"><img loading="lazy" decoding="async" width="1000" height="562" src="https://rennsport-fotos.de/wp-content/uploads/2026/04/IMG_5499-20260329-klein-1.jpeg" alt="" class="wp-image-975" srcset="https://rennsport-fotos.de/wp-content/uploads/2026/04/IMG_5499-20260329-klein-1.jpeg 1000w, https://rennsport-fotos.de/wp-content/uploads/2026/04/IMG_5499-20260329-klein-1-300x169.jpeg 300w, https://rennsport-fotos.de/wp-content/uploads/2026/04/IMG_5499-20260329-klein-1-768x432.jpeg 768w" sizes="auto, (max-width: 767px) 89vw, (max-width: 1000px) 54vw, (max-width: 1071px) 543px, 580px" /></figure>



<p>Jori Tielemans beim Kurvenfight mit Edwin Meuwissen</p>



<figure class="wp-block-image size-full"><img loading="lazy" decoding="async" width="1000" height="666" src="https://rennsport-fotos.de/wp-content/uploads/2026/04/CR7_3234-20260329.jpeg" alt="" class="wp-image-976" srcset="https://rennsport-fotos.de/wp-content/uploads/2026/04/CR7_3234-20260329.jpeg 1000w, https://rennsport-fotos.de/wp-content/uploads/2026/04/CR7_3234-20260329-300x200.jpeg 300w, https://rennsport-fotos.de/wp-content/uploads/2026/04/CR7_3234-20260329-768x511.jpeg 768w" sizes="auto, (max-width: 767px) 89vw, (max-width: 1000px) 54vw, (max-width: 1071px) 543px, 580px" /></figure>



<p>Die Meute in der Kurve und aussen Rolf van Tilburg vor Jessy de Bruin</p>



<figure class="wp-block-image size-full"><img loading="lazy" decoding="async" width="1000" height="666" src="https://rennsport-fotos.de/wp-content/uploads/2026/04/CR7_3638-20260329-2.jpeg" alt="" class="wp-image-979" srcset="https://rennsport-fotos.de/wp-content/uploads/2026/04/CR7_3638-20260329-2.jpeg 1000w, https://rennsport-fotos.de/wp-content/uploads/2026/04/CR7_3638-20260329-2-300x200.jpeg 300w, https://rennsport-fotos.de/wp-content/uploads/2026/04/CR7_3638-20260329-2-768x511.jpeg 768w" sizes="auto, (max-width: 767px) 89vw, (max-width: 1000px) 54vw, (max-width: 1071px) 543px, 580px" /></figure>



<p>Remco van Eijden auf dem Weg zum Tagessieg</p>



<figure class="wp-block-image size-full"><img loading="lazy" decoding="async" width="1000" height="562" src="https://rennsport-fotos.de/wp-content/uploads/2026/04/CR7_0988-20260329.jpeg" alt="" class="wp-image-980" srcset="https://rennsport-fotos.de/wp-content/uploads/2026/04/CR7_0988-20260329.jpeg 1000w, https://rennsport-fotos.de/wp-content/uploads/2026/04/CR7_0988-20260329-300x169.jpeg 300w, https://rennsport-fotos.de/wp-content/uploads/2026/04/CR7_0988-20260329-768x432.jpeg 768w" sizes="auto, (max-width: 767px) 89vw, (max-width: 1000px) 54vw, (max-width: 1071px) 543px, 580px" /></figure>



<p>Der Dominator Rick Kreutzer auf seiner Ehrenrunde mit dem Blumenstrauss</p>



<figure class="wp-block-image size-full"><img loading="lazy" decoding="async" width="1000" height="562" src="https://rennsport-fotos.de/wp-content/uploads/2026/04/CR7_4204-20260329-1.jpeg" alt="" class="wp-image-982" srcset="https://rennsport-fotos.de/wp-content/uploads/2026/04/CR7_4204-20260329-1.jpeg 1000w, https://rennsport-fotos.de/wp-content/uploads/2026/04/CR7_4204-20260329-1-300x169.jpeg 300w, https://rennsport-fotos.de/wp-content/uploads/2026/04/CR7_4204-20260329-1-768x432.jpeg 768w" sizes="auto, (max-width: 767px) 89vw, (max-width: 1000px) 54vw, (max-width: 1071px) 543px, 580px" /></figure>



<p>Tabea Bender mit Speed in der Zielkurve</p>



<figure class="wp-block-image size-full"><img loading="lazy" decoding="async" width="1000" height="666" src="https://rennsport-fotos.de/wp-content/uploads/2026/04/CR7_8784-20260329-1.jpeg" alt="" class="wp-image-984" srcset="https://rennsport-fotos.de/wp-content/uploads/2026/04/CR7_8784-20260329-1.jpeg 1000w, https://rennsport-fotos.de/wp-content/uploads/2026/04/CR7_8784-20260329-1-300x200.jpeg 300w, https://rennsport-fotos.de/wp-content/uploads/2026/04/CR7_8784-20260329-1-768x511.jpeg 768w" sizes="auto, (max-width: 767px) 89vw, (max-width: 1000px) 54vw, (max-width: 1071px) 543px, 580px" /></figure>



<p>Kevin Oonk mit einem heiklen Ausweichmanöver beim Massencrash</p>



<p>Lust auf weitere Fotos von der Veranstaltung?<br><br><strong><a href="https://rennsport-fotos.de/?page_id=404" data-type="page" data-id="404" target="_blank" rel="noreferrer noopener">Fotos vom Renntag </a></strong>  &lt;&#8212;&#8212; Hier geht es zu den Fotos auf meiner Webseite<br><strong><a href="https://www.flickr.com/photos/degone2012/albums" target="_blank" rel="noreferrer noopener">Alben in Flickr </a></strong>           &lt;&#8212;&#8212;&#8212;&#8212;&#8211; Für den etwas komfortableren Aufruf über meine Alben in Flickr</p>



<p></p>

<p>Ende März war die Winterpause endlich vorbei und die neue Rennsaison in Posterholt konnte starten. Für den ersten Renntag des Jahres standen gleich 8 Klassen auf dem Programm, die in 3 Blöcken über den Tag gestartet wurden. Nach einigen kalten Regentagen im Vorfeld der Veranstaltung startete der Renntag mit schönstem Wetter bei Sonnenschein und blauem &hellip; </p>
<p class="link-more"><a href="https://rennsport-fotos.de/?page_id=969" class="more-link"><span class="screen-reader-text">„Posterholt 2026 Opening Race“ </span>weiterlesen</a></p>
